{"id":759,"date":"2023-01-24T14:47:55","date_gmt":"2023-01-24T13:47:55","guid":{"rendered":"https:\/\/maluku-krimpen.nl\/?page_id=759"},"modified":"2023-07-09T12:55:05","modified_gmt":"2023-07-09T10:55:05","slug":"boeken-ovef-indo","status":"publish","type":"page","link":"https:\/\/maluku-krimpen.nl\/?page_id=759","title":{"rendered":"BOEKEN"},"content":{"rendered":"\t\t<div data-elementor-type=\"wp-page\" data-elementor-id=\"759\" class=\"elementor elementor-759\">\n\t\t\t\t\t\t<section class=\"elementor-section elementor-top-section elementor-element elementor-element-2d2a3f3 elementor-section-boxed elementor-section-height-default elementor-section-height-default\" data-id=\"2d2a3f3\" data-element_type=\"section\">\n\t\t\t\t\t\t<div class=\"elementor-container elementor-column-gap-default\">\n\t\t\t\t\t<div class=\"elementor-column elementor-col-25 elementor-top-column elementor-element elementor-element-dcdc1bd\" data-id=\"dcdc1bd\" data-element_type=\"column\">\n\t\t\t<div class=\"elementor-widget-wrap elementor-element-populated\">\n\t\t\t\t\t\t<div class=\"elementor-element elementor-element-7ddebc6 elementor-widget elementor-widget-image\" data-id=\"7ddebc6\" data-element_type=\"widget\" data-widget_type=\"image.default\">\n\t\t\t\t<div class=\"elementor-widget-container\">\n\t\t\t\t\t\t\t\t\t\t\t\t\t\t\t<img decoding=\"async\" width=\"99\" height=\"155\" src=\"https:\/\/maluku-krimpen.nl\/wp-content\/uploads\/2023\/02\/lichter.jpg\" class=\"attachment-large size-large wp-image-895\" alt=\"\" \/>\t\t\t\t\t\t\t\t\t\t\t\t\t\t\t<\/div>\n\t\t\t\t<\/div>\n\t\t\t\t<div class=\"elementor-element elementor-element-109dfb9 elementor-widget elementor-widget-text-editor\" data-id=\"109dfb9\" data-element_type=\"widget\" data-widget_type=\"text-editor.default\">\n\t\t\t\t<div class=\"elementor-widget-container\">\n\t\t\t\t\t\t\t\t\t<p dir=\"auto\"><strong>LICHTER<\/strong> <strong>DAN IK<\/strong>&nbsp;<\/p><p dir=\"auto\"><br><\/p>\n<p dir=\"auto\">Van auteur Dido Michielsen is een aanrader voor allen die ge\u00efnteresseerd zijn in het Indisch verleden.Bij het lezen van het boek bekroop mij niet alleen een gevoel van verdriet, kwaadheid en teleurstelling maar vooral van medelijden voor de hoofdpersoon. Zij heeft zich opgeofferd omwille van een beter leven voor haar kinderen. Deze hoofdpersoon dacht dat het leven als njai van\/ met een Nederlandse man voor haar en haar eventuele kinderen tot een beter leven zou leiden dan uitgehuwelijkt te worden aan een man van Inlandse adel. Het is de hoofdpersoon duur komen te staan door te kiezen voor een leven met een Nederlandse man. Uiteindelijk was er geen sprake van een huwelijk of erkenning en zijn haar kinderen (noodgedwongen) ter adoptie gesteld en met een nieuwe (verzonnen) achternaam verder door het leven gegaan. Deze kinderen hebben vaak geen enkele kennis of weet van hun verleden of hun werkelijke afkomst. Hoe was dit mogelijk? Een frauderende Overheid! Een koloniaal concubinaat dat werd getolereerd door Christelijk Nederland? We hebben het over JP of Westerling?<\/p>\n<div dir=\"auto\">&nbsp;<\/div>\n<div dir=\"auto\">De Nederlanders die zoals in dit boek beschreven vrouwen en kinderen hebben behandeld, dienen mijn inziens &nbsp;(postuum) te worden veroordeeld.<\/div>\n<div dir=\"auto\">&nbsp;<\/div>\n<div dir=\"auto\">Ook deze slachtoffers, de benadeelde vrouwen en kinderen, verdienen tenminste een excuus van de Nederlandse Overheid.<\/div>\n<div dir=\"auto\">&nbsp;<\/div>\t\t\t\t\t\t\t\t<\/div>\n\t\t\t\t<\/div>\n\t\t\t\t\t<\/div>\n\t\t<\/div>\n\t\t\t\t<div class=\"elementor-column elementor-col-25 elementor-top-column elementor-element elementor-element-e80f163\" data-id=\"e80f163\" data-element_type=\"column\">\n\t\t\t<div class=\"elementor-widget-wrap elementor-element-populated\">\n\t\t\t\t\t\t<div class=\"elementor-element elementor-element-57b0538 elementor-widget elementor-widget-image\" data-id=\"57b0538\" data-element_type=\"widget\" data-widget_type=\"image.default\">\n\t\t\t\t<div class=\"elementor-widget-container\">\n\t\t\t\t\t\t\t\t\t\t\t\t\t\t\t<img decoding=\"async\" src=\"https:\/\/maluku-krimpen.nl\/wp-content\/uploads\/2023\/02\/IMG_3475-rotated.jpg\" title=\"IMG_3475\" alt=\"IMG_3475\" loading=\"lazy\" \/>\t\t\t\t\t\t\t\t\t\t\t\t\t\t\t<\/div>\n\t\t\t\t<\/div>\n\t\t\t\t<div class=\"elementor-element elementor-element-bb45b61 elementor-widget elementor-widget-text-editor\" data-id=\"bb45b61\" data-element_type=\"widget\" data-widget_type=\"text-editor.default\">\n\t\t\t\t<div class=\"elementor-widget-container\">\n\t\t\t\t\t\t\t\t\t<p><strong>Recentie Facebook:<\/strong><\/p>\n<p><strong>&nbsp;<\/strong><\/p>\n<p>SAM PORMES is iemand die de confrontatie niet schuwt.Hij is razend intelligent, zelfbewust, intellectueel, politiek actief en kan schrijven met een vlijmscherpe pen. Zijn recent verschenen boek \u201cGrijpen naar een schaduw, politieke reflectie op de dekolonisatie van de Molukken\u201d toont deze eigenschappen in optima forma. Het is een weerslag van een meer dan 40 jaar durende studie naar de Molukken en de RMS.<\/p><p>DE MYTHE<\/p>\n<p>In zijn Introductie schrijft Pormes dat het een mythe is: \u00e9\u00e9n Molukse waarheid en \u00e9\u00e9n geschiedenis van de Molukken.<br>Als een mythe gedefinieerd wordt als een verhaal uit een onbepaald verleden, waarin helden, goden en vreemde wezens centraal staan, dan kan de lezer zijn hart ophalen in dit boek. Minutieus wordt het verleden van de Molukken geplaatst in een historisch kader dat bij Pormes begint bij de onafhankelijkheidsstrijd van Indonesi\u00eb en het Moluks nationalisme die zich een eeuw geleden manifesteerden.<br>\u2018Door de eeuwen trouw\u2019 is zo\u2019n mythische uitspraak, ontdaan van kennis en van verleden. De uitspraak klopt niet: slechts een klein gedeelte was trouw aan het vorstenhuis, het waren de KNIL-militairen van protestants-christelijke huize. Veel Molukkers waren meer Molukker dan Indonesi\u00ebr, maar Indonesi\u00ebr genoeg om van Nederland af te willen zijn.<br>Pormes noemt vergeten helden, haalt de goddelijke krans van Hare Majesteit de Koningin weg als zij het heeft over haar overzeese onderdanen als \u2018de laagste vorm van menselijk leven ter wereld\u2019 en vreemde wezens worden opgevoerd en ontmaskerd als opportunisten, waarmee de Nederlandse politiek vol zit.<br>De ontluistering spitst zich toe op de RMS (Republik Maluku Selatan), een door Pormes omschreven creatie van rechts en reactionair Nederland, doordrenkt met liefdesbetuigingen aan het Koningshuis.<\/p>\n<p>WETENSCHAP<\/p>\n<p><span style=\"font-size: 16px; color: var( --e-global-color-primary ); word-spacing: var( --e-global-typography-text-word-spacing );\">Het boek van Sam Pormes is bruikbaar voor iedereen die zich verdiept in de koloniale geschiedenis van ons land. Het is voorzien van een uitgebreid bronnenapparaat, de toon is soms polemisch, maar het is wetenschap pur sang.<\/span><\/p>\n<p>Ik vrees &#8211; met grote vreze &#8211; dat niet het boek, maar de schrijver onderwerp van reactie zal zijn. Dat zou ik betreuren.<br>Sam Pormes en zijn boek verdienen een kritische bespreking, een dissertatie waardig!<\/p>\n<p>TOT SLOT \u2026<\/p>\n<p><span style=\"font-size: 16px; color: var( --e-global-color-primary ); word-spacing: var( --e-global-typography-text-word-spacing );\">Wat is de sociaal-psychologische, of wellicht de sociologische verklaring voor een volk dat honderden jaren lang vernederd, geplunderd, vermoord heeft, en dat gebieden volledig berooid heeft achtergelaten en dat dan trots is op de nazaten van de vernederden, de geplunderden en de vermoorden, omdat ze door de eeuwen trouw zijn gebleven?<\/span><\/p>\n<p>Met de Molukkers is wat vreemds aan de hand, maar de Nederlanders maken het wel zeer bont met de mythevorming.<\/p>\n<p><strong>JOOP BURGERHOUT<\/strong><\/p>\t\t\t\t\t\t\t\t<\/div>\n\t\t\t\t<\/div>\n\t\t\t\t\t<\/div>\n\t\t<\/div>\n\t\t\t\t<div class=\"elementor-column elementor-col-25 elementor-top-column elementor-element elementor-element-ecbf922\" data-id=\"ecbf922\" data-element_type=\"column\">\n\t\t\t<div class=\"elementor-widget-wrap\">\n\t\t\t\t\t\t\t<\/div>\n\t\t<\/div>\n\t\t\t\t<div class=\"elementor-column elementor-col-25 elementor-top-column elementor-element elementor-element-f1d4526\" data-id=\"f1d4526\" data-element_type=\"column\">\n\t\t\t<div class=\"elementor-widget-wrap\">\n\t\t\t\t\t\t\t<\/div>\n\t\t<\/div>\n\t\t\t\t\t<\/div>\n\t\t<\/section>\n\t\t\t\t<\/div>\n\t\t","protected":false},"excerpt":{"rendered":"<p>LICHTER DAN IK&nbsp; Van auteur Dido Michielsen is een aanrader voor allen die ge\u00efnteresseerd zijn in het Indisch verleden.Bij het lezen van het boek bekroop mij niet alleen een gevoel van verdriet, kwaadheid en teleurstelling maar vooral van medelijden voor de hoofdpersoon. Zij heeft zich opgeofferd omwille van een beter leven voor haar kinderen. Deze [&hellip;]<\/p>\n","protected":false},"author":1,"featured_media":0,"parent":0,"menu_order":0,"comment_status":"closed","ping_status":"closed","template":"","meta":{"ocean_post_layout":"","ocean_both_sidebars_style":"","ocean_both_sidebars_content_width":0,"ocean_both_sidebars_sidebars_width":0,"ocean_sidebar":"0","ocean_second_sidebar":"0","ocean_disable_margins":"enable","ocean_add_body_class":"","ocean_shortcode_before_top_bar":"","ocean_shortcode_after_top_bar":"","ocean_shortcode_before_header":"","ocean_shortcode_after_header":"","ocean_has_shortcode":"","ocean_shortcode_after_title":"","ocean_shortcode_before_footer_widgets":"","ocean_shortcode_after_footer_widgets":"","ocean_shortcode_before_footer_bottom":"","ocean_shortcode_after_footer_bottom":"","ocean_display_top_bar":"default","ocean_display_header":"default","ocean_header_style":"","ocean_center_header_left_menu":"0","ocean_custom_header_template":"0","ocean_custom_logo":314,"ocean_custom_retina_logo":314,"ocean_custom_logo_max_width":0,"ocean_custom_logo_tablet_max_width":0,"ocean_custom_logo_mobile_max_width":0,"ocean_custom_logo_max_height":0,"ocean_custom_logo_tablet_max_height":0,"ocean_custom_logo_mobile_max_height":0,"ocean_header_custom_menu":"0","ocean_menu_typo_font_family":"Montserrat","ocean_menu_typo_font_subset":"","ocean_menu_typo_font_size":0,"ocean_menu_typo_font_size_tablet":0,"ocean_menu_typo_font_size_mobile":0,"ocean_menu_typo_font_size_unit":"px","ocean_menu_typo_font_weight":"","ocean_menu_typo_font_weight_tablet":"","ocean_menu_typo_font_weight_mobile":"","ocean_menu_typo_transform":"","ocean_menu_typo_transform_tablet":"","ocean_menu_typo_transform_mobile":"","ocean_menu_typo_line_height":0,"ocean_menu_typo_line_height_tablet":0,"ocean_menu_typo_line_height_mobile":0,"ocean_menu_typo_line_height_unit":"","ocean_menu_typo_spacing":0,"ocean_menu_typo_spacing_tablet":0,"ocean_menu_typo_spacing_mobile":0,"ocean_menu_typo_spacing_unit":"","ocean_menu_link_color":"","ocean_menu_link_color_hover":"","ocean_menu_link_color_active":"","ocean_menu_link_background":"","ocean_menu_link_hover_background":"","ocean_menu_link_active_background":"","ocean_menu_social_links_bg":"","ocean_menu_social_hover_links_bg":"","ocean_menu_social_links_color":"","ocean_menu_social_hover_links_color":"","ocean_disable_title":"enable","ocean_disable_heading":"default","ocean_post_title":"BOEKEN VAN SCHRIJFERS MET EEN INDONESISCHE ACHTERGROND","ocean_post_subheading":"VAN INDISCH ZWIJGEN NAAR INDISCH SCHRIJVEN","ocean_post_title_style":"background-image","ocean_post_title_background_color":"","ocean_post_title_background":516,"ocean_post_title_bg_image_position":"","ocean_post_title_bg_image_attachment":"","ocean_post_title_bg_image_repeat":"no-repeat","ocean_post_title_bg_image_size":"","ocean_post_title_height":155,"ocean_post_title_bg_overlay":0.4,"ocean_post_title_bg_overlay_color":"","ocean_disable_breadcrumbs":"off","ocean_breadcrumbs_color":"","ocean_breadcrumbs_separator_color":"","ocean_breadcrumbs_links_color":"","ocean_breadcrumbs_links_hover_color":"","ocean_display_footer_widgets":"default","ocean_display_footer_bottom":"default","ocean_custom_footer_template":"0","footnotes":""},"_links":{"self":[{"href":"https:\/\/maluku-krimpen.nl\/index.php?rest_route=\/wp\/v2\/pages\/759"}],"collection":[{"href":"https:\/\/maluku-krimpen.nl\/index.php?rest_route=\/wp\/v2\/pages"}],"about":[{"href":"https:\/\/maluku-krimpen.nl\/index.php?rest_route=\/wp\/v2\/types\/page"}],"author":[{"embeddable":true,"href":"https:\/\/maluku-krimpen.nl\/index.php?rest_route=\/wp\/v2\/users\/1"}],"replies":[{"embeddable":true,"href":"https:\/\/maluku-krimpen.nl\/index.php?rest_route=%2Fwp%2Fv2%2Fcomments&post=759"}],"version-history":[{"count":12,"href":"https:\/\/maluku-krimpen.nl\/index.php?rest_route=\/wp\/v2\/pages\/759\/revisions"}],"predecessor-version":[{"id":1082,"href":"https:\/\/maluku-krimpen.nl\/index.php?rest_route=\/wp\/v2\/pages\/759\/revisions\/1082"}],"wp:attachment":[{"href":"https:\/\/maluku-krimpen.nl\/index.php?rest_route=%2Fwp%2Fv2%2Fmedia&parent=759"}],"curies":[{"name":"wp","href":"https:\/\/api.w.org\/{rel}","templated":true}]}}